e?
True
Is 6407285987 a composite number?
True
Is 5744964691 a composite number?
True
Is 2547450397 a prime number?
True
Is 22673631499 a prime number?
True
Is 99845899 prime?
True
Is 631816967 a prime number?
False
Is 311754106 prime?
False
Is 24971231627 prime?
True
Is 4455365681 prime?
False
Is 191666817821 a prime number?
True
Is 680893 a composite number?
True
Is 198877309 composite?
False
Is 207438361 prime?
False
Is 3937350389 a composite number?
True
Is 80944378463 a prime number?
False
Is 1355563687 a prime number?
False
Is 297261373 prime?
False
Is 7211671123 a prime number?
False
Is 559975421 a composite number?
False
Is 108517832971 prime?
False
Is 1415058853 composite?
True
Is 660637267 prime?
False
Is 7878250847 a composite number?
False
Is 130370987 a prime number?
False
Is 4907755001 a composite number?
True
Is 855508081 composite?
False
Is 10385988563 prime?
False
Is 72143052203 a composite number?
False
Is 47672421763 composite?
False
Is 5532255733 a composite number?
False
Is 1111025389 a composite number?
False
Is 877357387 composite?
True
Is 34217902087 a prime number?
True
Is 32869643999 a composite number?
True
Is 78334488839 a prime number?
False
Is 107310092181 composite?
True
Is 10566058121 composite?
True
Is 661271147 composite?
False
Is 518685119 composite?
False
Is 11219009 a prime number?
False
Is 4174601 prime?
True
Is 876831343 a composite number?
False
Is 492870437 prime?
True
Is 8308256273 composite?
False
Is 406439971 a composite number?
True
Is 157844333 composite?
False
Is 333528917 a composite number?
False
Is 732541639 a composite number?
False
Is 28016794153 a composite number?
False
Is 2025474701 composite?
False
Is 189741949 composite?
False
Is 76160309347 composite?
False
Is 12297564707 composite?
False
Is 351327617 a prime number?
False
Is 96816019 prime?
True
Is 12643032071 composite?
False
Is 95169001451 composite?
False
Is 19453098347 a prime number?
True
Is 1829165615 a prime number?
False
Is 11473857209 a prime number?
False
Is 9219499747 a prime number?
True
Is 5579810777 prime?
True
Is 787950227 prime?
False
Is 700799938 a composite number?
True
Is 254789033 a prime number?
True
Is 1071787267 a composite number?
True
Is 551952391 a prime number?
False
Is 31803417563 prime?
True
Is 433099991 composite?
False
Is 108855141613 a prime number?
True
Is 3052038991 prime?
True
Is 1020827341 composite?
False
Is 834272389 a composite number?
True
Is 19560564967 composite?
False
Is 7459787947 a composite number?
True
Is 9254778703 composite?
True
Is 6430660297 prime?
True
Is 157566861521 a prime number?
False
Is 8833473461 a composite number?
True
Is 52143257369 composite?
True
Is 150302970667 prime?
True
Is 4609691201 a prime number?
False
Is 113943821 a composite number?
True
Is 1187940821 a composite number?
False
Is 11701016219 a prime number?
True
Is 10814306098 composite?
True
Is 4109748209 a composite number?
True
Is 759803633 composite?
True
Is 110275573 a composite number?
False
Is 24633117097 a composite number?
False
Is 7701822521 prime?
True
Is 49200348733 composite?
False
Is 60996365147 a prime number?
True
Is 620212789 prime?
False
Is 9183934931 prime?
False
Is 17255135069 prime?
True
Is 27936869899 a composite number?
False
Is 544070011 composite?
False
Is 14557506121 prime?
True
Is 168899233853 prime?
False
Is 941219065 a composite number?
True
Is 3953560189 a prime number?
False
Is 1473001177 prime?
False
Is 186959033 composite?
True
Is 10025471045 a prime number?
False
Is 178252893501 a composite number?
True
Is 2962920613 composite?
False
Is 570605179 a prime number?
True
Is 3746180071 prime?
False
Is 260847019 a prime number?
False
Is 10175592151 prime?
False
Is 28449887 composite?
False
Is 9446317 a prime number?
False
Is 3786206971 a prime number?
True
Is 5940765781 prime?
False
Is 3330222781 prime?
True
Is 357918767 a prime number?
True
Is 20755307521 a composite number?
True
Is 519714714009 a composite number?
True
Is 82891469 composite?
True
Is 170612701333 prime?
False
Is 58937458379 a prime number?
False
Is 1512215443 prime?
False
Is 70474855507 a prime number?
False
Is 1202595239 composite?
False
Is 5342483353 prime?
True
Is 8039238433 a prime number?
True
Is 24924868742 composite?
True
Is 5698985087 a composite number?
False
Is 1343800427 a composite number?
True
Is 3895003631 composite?
False
Is 139657892159 composite?
True
Is 34280803 a prime number?
True
Is 22697231 a prime number?
False
Is 4801739693 prime?
False
Is 839864222 a prime number?
False
Is 161977349 composite?
True
Is 2776528303 prime?
True
Is 3990692201 composite?
False
Is 1242628273 a composite number?
True
Is 428579665 prime?
False
Is 2321169374 composite?
True
Is 1055488067 a prime number?
True
Is 1833474991 a prime number?
True
Is 26849968581 composite?
True
Is 1343992901 prime?
True
Is 10040217661 a composite number?
False
Is 5439484859 a prime number?
False
Is 1508904578 prime?
False
Is 345871483 a composite number?
False
Is 16397422277 a composite number?
False
Is 3872196961 composite?
False
Is 9436565102 a prime number?
False
Is 6878003843 composite?
False
Is 822394838 a prime number?
False
Is 161778979 composite?
True
Is 1403296849 prime?
True
Is 101029513609 a composite number?
False
Is 53196464759 composite?
False
Is 5961340039 composite?
False
Is 953818377 a prime number?
False
Is 4351716071 prime?
True
Is 155340750503 prime?
True
Is 42503459 a composite number?
True
Is 39794596103 a composite number?
True
Is 673564261 a composite number?
False
Is 282564033077 prime?
True
Is 1174415833 prime?
True
Is 3613213258 a prime number?
False
Is 21334090873 composite?
False
Is 15051395333 a composite number?
True
Is 11225161 composite?
False
Is 4392102709 prime?
True
Is 2272947581 prime?
True
Is 528608141 a composite number?
True
Is 1403682757 a composite number?
False
Is 92451460943 a composite number?
False
Is 1255724303 composite?
False
Is 4079153537 a prime number?
False
Is 190542168493 composite?
False
Is 56304953119 composite?
False
Is 7589561933 a composite number?
False
Is 1519940291 prime?
True
Is 1468573201 a composite number?
True
Is 8760261109 prime?
False
Is 220566883 a prime number?
True
Is 39081285149 composite?
False
Is 147113079109 prime?
True
Is 24800406721 composite?
True
Is 21976951441 a composite number?
False
Is 18616245991 a composite number?
True
Is 22303651661 a composite number?
True
Is 13949142499 prime?
True
Is 7995263 a composite number?
False
Is 11791439953 composite?
False
Is 60173903977 prime?
False
Is 154942243 composite?
False
Is 33707537239 prime?
True
Is 640611437 a prime number?
True
Is 1362050357 composite?
False
Is 42591844835 a composite number?
True
Is 293302879 composite?
False
Is 5415976133 prime?
True
Is 447584021 composite?
True
Is 257478623 a prime number?
True
Is 11257399 a prime number?
False
Is 30604656413 prime?
True
Is 4440474707 a composite number?
False
Is 1739514223 prime?
False
Is 32124791263 prime?
True
Is 1134248837 prime?
True
Is 2750966003 a prime number?
True
Is 9976212401 a composite number?
False
Is 1423429463 a composite number?
True
Is 21361686163 a prime number?
True
Is 52211977471 a prime number?
False
Is 8002227427 composite?
False
Is 5074020203 composite?
True
Is 4219753597 a prime number?
True
Is 210523114 prime?
False
Is 5527390313 a composite number?
False
Is 1340779061 a prime number?
False
Is 1053838519 prime?
True
Is 1661912579 a composite number?
True
Is 24162189221 a prime number?
True
Is 152287140169 prime?
True
Is 691237769 composite?
True
Is 12463253207 a prime number?
True
Is 607417211 a composite number?
False
Is 513791987 prime?
True
Is 17532033779 prime?
False
Is 5936202815 composite?
True
Is 20345381543 a prime number?
True
Is 57536737 a composite number?
True
Is 851629217 composite?
False
Is 1592837821 composite?
True
Is 3136611853 prime?
True
Is 1653097937 a prime number?
False
Is 5431027291 a prime number?
True
Is 22237615603 composite?
True
Is 2852704129 a prime number?
False
Is 633752663 a prime number?
True
Is 742999597 composite?
True
Is 18567615961 prime?
True
Is 373818373 a composite number?
False
Is 26248328903 a composite number?
False
Is 14832465563 composite?
False
Is 10951693507 a composite number?
True
Is 